
Is 391271 composite?
True
Is 1172713 a prime number?
True
Is 119027 a composite number?
False
Is 2071 prime?
False
Is 7162 a composite number?
True
Is 5471 a prime number?
True
Is 13549 prime?
False
Is 13463 a composite number?
False
Is 65497 composite?
False
Is 1455373 composite?
False
Is 698171 a prime number?
True
Is 24781 a prime number?
True
Is 820037 a prime number?
True
Is 125921 prime?
True
Is 8309 composite?
True
Is 768059 a composite number?
False
Is 907 a prime number?
True
Is 7477 a prime number?
True
Is 420911 composite?
True
Is 3107 a composite number?
True
Is 16729 composite?
False
Is 96442 composite?
True
Is 8147 a prime number?
True
Is 89891 a composite number?
False
Is 526177 composite?
True
Is 2602 a composite number?
True
Is 98801 prime?
True
Is 29521 a composite number?
True
Is 713737 composite?
False
Is 430121 a prime number?
True
Is 15859 a composite number?
False
Is 1214867 a prime number?
True
Is 945067 a prime number?
False
Is 141467 prime?
False
Is 22951 a prime number?
False
Is 14853 a prime number?
False
Is 3079 a composite number?
False
Is 282841 a prime number?
False
Is 4889 a prime number?
True
Is 12713 a composite number?
False
Is 43933 prime?
True
Is 6947 a composite number?
False
Is 555991 a composite number?
True
Is 116089 prime?
True
Is 20831 a composite number?
True
Is 69505 composite?
True
Is 218779 composite?
True
Is 2929 a prime number?
False
Is 772379 a composite number?
False
Is 26083 a composite number?
False
Is 3675203 a composite number?
True
Is 35099 composite?
False
Is 20885 composite?
True
Is 179737 composite?
False
Is 35729 a composite number?
False
Is 543341 prime?
True
Is 12813 composite?
True
Is 370661 a composite number?
False
Is 78779 composite?
False
Is 804967 a prime number?
False
Is 2333 prime?
True
Is 90481 a composite number?
False
Is 50257 a composite number?
True
Is 8709 composite?
True
Is 5027 prime?
False
Is 81083 prime?
True
Is 1419587 prime?
False
Is 2425669 prime?
True
Is 418463 a composite number?
True
Is 420571 prime?
True
Is 2243 prime?
True
Is 91627 prime?
False
Is 52261 a prime number?
False
Is 2521 composite?
False
Is 34 a prime number?
False
Is 5627 prime?
False
Is 73331 composite?
False
Is 155921 a composite number?
False
Is 420083 prime?
False
Is 16249 a composite number?
False
Is 299603 a composite number?
False
Is 10531 prime?
True
Is 30913 a prime number?
False
Is 299 a composite number?
True
Is 15499 a prime number?
False
Is 16847 a composite number?
True
Is 39901 a prime number?
True
Is 104579 prime?
True
Is 6971 prime?
True
Is 1593961 composite?
True
Is 16033 a composite number?
False
Is 13307 a composite number?
True
Is 52051 a composite number?
False
Is 565 a prime number?
False
Is 225881 prime?
False
Is 47459 composite?
False
Is 4327 a prime number?
True
Is 1214333 a prime number?
True
Is 44683 prime?
True
Is 25667 composite?
False
Is 142574 prime?
False
Is 4069991 a prime number?
True
Is 225541 composite?
True
Is 41333 composite?
False
Is 7453 a composite number?
True
Is 20973 a composite number?
True
Is 30777 composite?
True
Is 52369 composite?
False
Is 216091 composite?
False
Is 17231 a composite number?
False
Is 407661 a composite number?
True
Is 30737 prime?
False
Is 2477 a composite number?
False
Is 36289 prime?
False
Is 9921 composite?
True
Is 52163 composite?
False
Is 77791 composite?
True
Is 178079 a prime number?
False
Is 58507 a prime number?
False
Is 4367 prime?
False
Is 25937 a prime number?
False
Is 261167 a prime number?
True
Is 12679 a prime number?
False
Is 301123 a prime number?
True
Is 2452223 a prime number?
True
Is 112621 composite?
False
Is 122959 composite?
True
Is 17521 a composite number?
True
Is 3737 prime?
False
Is 30669 a composite number?
True
Is 1523801 a prime number?
True
Is 66161 prime?
True
Is 63563 composite?
True
Is 4891 a composite number?
True
Is 288647 a composite number?
False
Is 28393 a prime number?
True
Is 1207 composite?
True
Is 3793 a composite number?
False
Is 311653 a prime number?
True
Is 1599407 a prime number?
True
Is 4022 composite?
True
Is 310533 a prime number?
False
Is 13127 composite?
False
Is 263485 prime?
False
Is 72269 a prime number?
True
Is 518361 a prime number?
False
Is 63647 composite?
False
Is 549149 prime?
True
Is 270619 composite?
False
Is 10441 a composite number?
True
Is 34469 prime?
True
Is 698 composite?
True
Is 153865 prime?
False
Is 34219 a composite number?
True
Is 34233 prime?
False
Is 3379613 a composite number?
False
Is 1136027 a composite number?
True
Is 29935 prime?
False
Is 159801 a composite number?
True
Is 223999 composite?
False
Is 49705 composite?
True
Is 15019 prime?
False
Is 35146 a composite number?
True
Is 6823 composite?
False
Is 34205 a prime number?
False
Is 87179 composite?
False
Is 4621 a prime number?
True
Is 15253 a prime number?
False
Is 47065 composite?
True
Is 83357 a composite number?
False
Is 9967 prime?
True
Is 5191 composite?
True
Is 478865 composite?
True
Is 275419 prime?
True
Is 281551 a prime number?
True
Is 22367 composite?
False
Is 115013 a prime number?
True
Is 69807 a prime number?
False
Is 137245 a composite number?
True
Is 160915 a composite number?
True
Is 211613 a prime number?
False
Is 19441 composite?
False
Is 1461739 composite?
True
Is 1763 prime?
False
Is 750413 composite?
False
Is 19563 composite?
True
Is 9687 composite?
True
Is 20299 prime?
False
Is 4493 a prime number?
True
Is 15109 a composite number?
True
Is 6521 composite?
False
Is 8923 a composite number?
False
Is 20953 a prime number?
False
Is 2015669 prime?
True
Is 72911 prime?
True
Is 164317 a prime number?
False
Is 8053 prime?
True
Is 1003 a prime number?
False
Is 122519 a composite number?
True
Is 465989 composite?
False
Is 88357 prime?
False
Is 41729 a prime number?
True
Is 5807 prime?
True
Is 706127 composite?
True
Is 668845 a composite number?
True
Is 52034 prime?
False
Is 234457 a prime number?
True
Is 10289 a prime number?
True
Is 737237 a prime number?
False
Is 40577 prime?
True
Is 22931 a composite number?
True
Is 4489289 a prime number?
False
Is 10687 composite?
False
Is 205822 composite?
True
Is 397 prime?
True
Is 264391 prime?
True
Is 2993269 prime?
True
Is 1155209 a composite number?
True
Is 168211 a prime number?
True
Is 919 a prime number?
True
Is 9413 composite?
False
Is 12769 a prime number?
False
Is 2183 a composite number?
True
Is 28343 prime?
False
Is 13087 a composite number?
True
Is 23781 prime?
False
Is 100001 composite?
True
Is 130979 a composite number?
True
Is 55921 a prime number?
True
Is 40943 prime?
False
Is 412933 composite?
True
Is 1841 prime?
False
Is 187607 composite?
True
Is 20469 a prime number?
False
Is 5437 composite?
False
Is 4847 a prime number?
False
Is 124385 a composite number?
True
Is 1126963 composite?
False
Is 1286179 composite?
True
Is 21059 a composite number?
False
Is 7339 composite?
True
Is 4553 prime?
False
Is 20597 a composite number?
True
Is 1501 composite?
True
Is 80137 a prime number?
False
Is 10073 a composite number?
True
Is 8509 a composite number?
True
Is 207535 composite?
True
Is 56383 a composite number?
False
Is 331 composite?
False
Is 66791 composite?
False
Is 100273 a prime number?
False
Is 30389 composite?
False
Is 21703 a prime number?
False
Is 5147 a prime number?
True
Is 747391 prime?
True
Is 1165 prime?
False
Is 330853 a composite number?
False
Is 129277 a composite number?
False
Is 77929 prime?
True
Is 1198661 a composite number?
False
Is 106351 a prime number?
False
Is 2321 a composite number?
True
Is 83059 composite?
False
Is 7121 prime?
True
Is 9689 prime?
True
Is 131969 a composite number?
False
Is 299401 composite?
False
Is 1151 composite?
False
Is 414857 prime?
True
Is 4265 a composite number?
True
Is 2411 prime?
True
Is 97655 a composite number?
True
Is 69313 a prime number?
True
Is 99685 a prime number?
False
Is 9311 a prime number?
True
Is 181711 a composite number?
False
Is 13253 composite?
True
Is 4373 a composite number?
False
Is 6731 prime?
False
Is 625299 composite?
True
Is 171511 a prime number?
False
Is 36079 prime?
False
Is 23597 a composite number?
True
Is 33574 composite?
True
Is 865 a prime number?
False
Is 317159 a prime number?
True
Is 18517 composite?
False
Is 23683 prime?
False
Is 62173 a 